{"id":624,"date":"2025-11-18T17:55:28","date_gmt":"2025-11-18T16:55:28","guid":{"rendered":"https:\/\/adje.org\/?post_type=event_listing&#038;p=624"},"modified":"2025-12-09T00:47:38","modified_gmt":"2025-12-08T23:47:38","slug":"assemblee-generale-2","status":"expired","type":"event_listing","link":"https:\/\/adje.org\/index.php\/evenement\/assemblee-generale-2\/","title":{"rendered":"SARRIANS_ASSEMBLEE GENERALE"},"content":{"rendered":"\n<p> Le Comit\u00e9 des Jumelages SARRIANS &#8211; BIEBERTAL vous invite \u00e0 participer \u00e0 son Assembl\u00e9e G\u00e9n\u00e9rale, <\/p>\n\n\n\n<p>le Vendredi 21 novembre 2025 \u00e0 19h15, <\/p>\n\n\n\n<p>Salle des Soci\u00e9t\u00e9s, Rez de chauss\u00e9e de la Salle des Expositions, <\/p>\n\n\n\n<p>54 Boulevard du Couvent \u00e0 SARRIANS. <\/p>\n\n\n\n<p><\/p>\n\n\n\n<figure class=\"wp-block-image size-large\"><img loading=\"lazy\" decoding=\"async\" width=\"1024\" height=\"628\" src=\"https:\/\/adje.org\/wp-content\/uploads\/2025\/10\/176197633-1024x628.webp\" alt=\"\" class=\"wp-image-636\" srcset=\"https:\/\/adje.org\/wp-content\/uploads\/2025\/10\/176197633-980x601.webp 980w, https:\/\/adje.org\/wp-content\/uploads\/2025\/10\/176197633-480x294.webp 480w\" sizes=\"(min-width: 0px) and (max-width: 480px) 480px, (min-width: 481px) and (max-width: 980px) 980px, (min-width: 981px) 1024px, 100vw\" \/><\/figure>\n","protected":false},"featured_media":975,"template":"","meta":{"_et_pb_use_builder":"","_et_pb_old_content":"","_et_gb_content_width":""},"event_listing_category":[40],"event_listing_type":[53],"class_list":["post-624","event_listing","type-event_listing","status-expired","has-post-thumbnail","hentry","event_listing_category-sarrians","event_listing_type-reunion-ou-evenement-de-reseau"],"yoast_head":"<!-- This site is optimized with the Yoast SEO plugin v27.4 - https:\/\/yoast.com\/product\/yoast-seo-wordpress\/ -->\n<title>SARRIANS_ASSEMBLEE GENERALE - ADJE<\/title>\n<meta name=\"robots\" content=\"index, follow, max-snippet:-1, max-image-preview:large, max-video-preview:-1\" \/>\n<link rel=\"canonical\" href=\"https:\/\/adje.org\/index.php\/evenement\/assemblee-generale-2\/\" \/>\n<meta property=\"og:locale\" content=\"fr_FR\" \/>\n<meta property=\"og:type\" content=\"article\" \/>\n<meta property=\"og:title\" content=\"SARRIANS_ASSEMBLEE GENERALE - ADJE\" \/>\n<meta property=\"og:description\" content=\"Le Comit\u00e9 des Jumelages SARRIANS &#8211; BIEBERTAL vous invite \u00e0 participer \u00e0 son Assembl\u00e9e G\u00e9n\u00e9rale, le Vendredi 21 novembre 2025 \u00e0 19h15, Salle des Soci\u00e9t\u00e9s, Rez de chauss\u00e9e de la Salle des Expositions, 54 Boulevard du Couvent \u00e0 SARRIANS.\" \/>\n<meta property=\"og:url\" content=\"https:\/\/adje.org\/index.php\/evenement\/assemblee-generale-2\/\" \/>\n<meta property=\"og:site_name\" content=\"ADJE\" \/>\n<meta property=\"article:modified_time\" content=\"2025-12-08T23:47:38+00:00\" \/>\n<meta property=\"og:image\" content=\"https:\/\/adje.org\/wp-content\/uploads\/2025\/11\/CoJuSarrians_AG-.png\" \/>\n\t<meta property=\"og:image:width\" content=\"640\" \/>\n\t<meta property=\"og:image:height\" content=\"360\" \/>\n\t<meta property=\"og:image:type\" content=\"image\/png\" \/>\n<meta name=\"twitter:card\" content=\"summary_large_image\" \/>\n<meta name=\"twitter:label1\" content=\"Dur\u00e9e de lecture estim\u00e9e\" \/>\n\t<meta name=\"twitter:data1\" content=\"1 minute\" \/>\n<script type=\"application\/ld+json\" class=\"yoast-schema-graph\">{\"@context\":\"https:\\\/\\\/schema.org\",\"@graph\":[{\"@type\":\"WebPage\",\"@id\":\"https:\\\/\\\/adje.org\\\/index.php\\\/evenement\\\/assemblee-generale-2\\\/\",\"url\":\"https:\\\/\\\/adje.org\\\/index.php\\\/evenement\\\/assemblee-generale-2\\\/\",\"name\":\"SARRIANS_ASSEMBLEE GENERALE - ADJE\",\"isPartOf\":{\"@id\":\"https:\\\/\\\/adje.org\\\/#website\"},\"primaryImageOfPage\":{\"@id\":\"https:\\\/\\\/adje.org\\\/index.php\\\/evenement\\\/assemblee-generale-2\\\/#primaryimage\"},\"image\":{\"@id\":\"https:\\\/\\\/adje.org\\\/index.php\\\/evenement\\\/assemblee-generale-2\\\/#primaryimage\"},\"thumbnailUrl\":\"https:\\\/\\\/adje.org\\\/wp-content\\\/uploads\\\/2025\\\/11\\\/CoJuSarrians_AG-.png\",\"datePublished\":\"2025-11-18T16:55:28+00:00\",\"dateModified\":\"2025-12-08T23:47:38+00:00\",\"breadcrumb\":{\"@id\":\"https:\\\/\\\/adje.org\\\/index.php\\\/evenement\\\/assemblee-generale-2\\\/#breadcrumb\"},\"inLanguage\":\"fr-FR\",\"potentialAction\":[{\"@type\":\"ReadAction\",\"target\":[\"https:\\\/\\\/adje.org\\\/index.php\\\/evenement\\\/assemblee-generale-2\\\/\"]}]},{\"@type\":\"ImageObject\",\"inLanguage\":\"fr-FR\",\"@id\":\"https:\\\/\\\/adje.org\\\/index.php\\\/evenement\\\/assemblee-generale-2\\\/#primaryimage\",\"url\":\"https:\\\/\\\/adje.org\\\/wp-content\\\/uploads\\\/2025\\\/11\\\/CoJuSarrians_AG-.png\",\"contentUrl\":\"https:\\\/\\\/adje.org\\\/wp-content\\\/uploads\\\/2025\\\/11\\\/CoJuSarrians_AG-.png\",\"width\":640,\"height\":360},{\"@type\":\"BreadcrumbList\",\"@id\":\"https:\\\/\\\/adje.org\\\/index.php\\\/evenement\\\/assemblee-generale-2\\\/#breadcrumb\",\"itemListElement\":[{\"@type\":\"ListItem\",\"position\":1,\"name\":\"Accueil\",\"item\":\"https:\\\/\\\/adje.org\\\/\"},{\"@type\":\"ListItem\",\"position\":2,\"name\":\"SARRIANS_ASSEMBLEE GENERALE\"}]},{\"@type\":\"WebSite\",\"@id\":\"https:\\\/\\\/adje.org\\\/#website\",\"url\":\"https:\\\/\\\/adje.org\\\/\",\"name\":\"ADJE\",\"description\":\"\",\"potentialAction\":[{\"@type\":\"SearchAction\",\"target\":{\"@type\":\"EntryPoint\",\"urlTemplate\":\"https:\\\/\\\/adje.org\\\/?s={search_term_string}\"},\"query-input\":{\"@type\":\"PropertyValueSpecification\",\"valueRequired\":true,\"valueName\":\"search_term_string\"}}],\"inLanguage\":\"fr-FR\"}]}<\/script>\n<!-- \/ Yoast SEO plugin. -->","yoast_head_json":{"title":"SARRIANS_ASSEMBLEE GENERALE - ADJE","robots":{"index":"index","follow":"follow","max-snippet":"max-snippet:-1","max-image-preview":"max-image-preview:large","max-video-preview":"max-video-preview:-1"},"canonical":"https:\/\/adje.org\/index.php\/evenement\/assemblee-generale-2\/","og_locale":"fr_FR","og_type":"article","og_title":"SARRIANS_ASSEMBLEE GENERALE - ADJE","og_description":"Le Comit\u00e9 des Jumelages SARRIANS &#8211; BIEBERTAL vous invite \u00e0 participer \u00e0 son Assembl\u00e9e G\u00e9n\u00e9rale, le Vendredi 21 novembre 2025 \u00e0 19h15, Salle des Soci\u00e9t\u00e9s, Rez de chauss\u00e9e de la Salle des Expositions, 54 Boulevard du Couvent \u00e0 SARRIANS.","og_url":"https:\/\/adje.org\/index.php\/evenement\/assemblee-generale-2\/","og_site_name":"ADJE","article_modified_time":"2025-12-08T23:47:38+00:00","og_image":[{"width":640,"height":360,"url":"https:\/\/adje.org\/wp-content\/uploads\/2025\/11\/CoJuSarrians_AG-.png","type":"image\/png"}],"twitter_card":"summary_large_image","twitter_misc":{"Dur\u00e9e de lecture estim\u00e9e":"1 minute"},"schema":{"@context":"https:\/\/schema.org","@graph":[{"@type":"WebPage","@id":"https:\/\/adje.org\/index.php\/evenement\/assemblee-generale-2\/","url":"https:\/\/adje.org\/index.php\/evenement\/assemblee-generale-2\/","name":"SARRIANS_ASSEMBLEE GENERALE - ADJE","isPartOf":{"@id":"https:\/\/adje.org\/#website"},"primaryImageOfPage":{"@id":"https:\/\/adje.org\/index.php\/evenement\/assemblee-generale-2\/#primaryimage"},"image":{"@id":"https:\/\/adje.org\/index.php\/evenement\/assemblee-generale-2\/#primaryimage"},"thumbnailUrl":"https:\/\/adje.org\/wp-content\/uploads\/2025\/11\/CoJuSarrians_AG-.png","datePublished":"2025-11-18T16:55:28+00:00","dateModified":"2025-12-08T23:47:38+00:00","breadcrumb":{"@id":"https:\/\/adje.org\/index.php\/evenement\/assemblee-generale-2\/#breadcrumb"},"inLanguage":"fr-FR","potentialAction":[{"@type":"ReadAction","target":["https:\/\/adje.org\/index.php\/evenement\/assemblee-generale-2\/"]}]},{"@type":"ImageObject","inLanguage":"fr-FR","@id":"https:\/\/adje.org\/index.php\/evenement\/assemblee-generale-2\/#primaryimage","url":"https:\/\/adje.org\/wp-content\/uploads\/2025\/11\/CoJuSarrians_AG-.png","contentUrl":"https:\/\/adje.org\/wp-content\/uploads\/2025\/11\/CoJuSarrians_AG-.png","width":640,"height":360},{"@type":"BreadcrumbList","@id":"https:\/\/adje.org\/index.php\/evenement\/assemblee-generale-2\/#breadcrumb","itemListElement":[{"@type":"ListItem","position":1,"name":"Accueil","item":"https:\/\/adje.org\/"},{"@type":"ListItem","position":2,"name":"SARRIANS_ASSEMBLEE GENERALE"}]},{"@type":"WebSite","@id":"https:\/\/adje.org\/#website","url":"https:\/\/adje.org\/","name":"ADJE","description":"","potentialAction":[{"@type":"SearchAction","target":{"@type":"EntryPoint","urlTemplate":"https:\/\/adje.org\/?s={search_term_string}"},"query-input":{"@type":"PropertyValueSpecification","valueRequired":true,"valueName":"search_term_string"}}],"inLanguage":"fr-FR"}]}},"_links":{"self":[{"href":"https:\/\/adje.org\/index.php\/wp-json\/wp\/v2\/event_listing\/624","targetHints":{"allow":["GET"]}}],"collection":[{"href":"https:\/\/adje.org\/index.php\/wp-json\/wp\/v2\/event_listing"}],"about":[{"href":"https:\/\/adje.org\/index.php\/wp-json\/wp\/v2\/types\/event_listing"}],"wp:featuredmedia":[{"embeddable":true,"href":"https:\/\/adje.org\/index.php\/wp-json\/wp\/v2\/media\/975"}],"wp:attachment":[{"href":"https:\/\/adje.org\/index.php\/wp-json\/wp\/v2\/media?parent=624"}],"wp:term":[{"taxonomy":"event_listing_category","embeddable":true,"href":"https:\/\/adje.org\/index.php\/wp-json\/wp\/v2\/event_listing_category?post=624"},{"taxonomy":"event_listing_type","embeddable":true,"href":"https:\/\/adje.org\/index.php\/wp-json\/wp\/v2\/event_listing_type?post=624"}],"curies":[{"name":"wp","href":"https:\/\/api.w.org\/{rel}","templated":true}]}}

<p> Le Comité des Jumelages SARRIANS &#8211; BIEBERTAL vous invite à participer à son Assemblée Générale, </p>



<p>le Vendredi 21 novembre 2025 à 19h15, </p>



<p>Salle des Sociétés, Rez de chaussée de la Salle des Expositions, </p>



<p>54 Boulevard du Couvent à SARRIANS. </p>



<p></p>



<figure class="wp-block-image size-large"><img loading="lazy" decoding="async" width="1024" height="628" src="https://adje.org/wp-content/uploads/2025/10/176197633-1024x628.webp" alt="" class="wp-image-636" srcset="https://adje.org/wp-content/uploads/2025/10/176197633-980x601.webp 980w, https://adje.org/wp-content/uploads/2025/10/176197633-480x294.webp 480w" sizes="(min-width: 0px) and (max-width: 480px) 480px, (min-width: 481px) and (max-width: 980px) 980px, (min-width: 981px) 1024px, 100vw" /></figure>

<!-- This site is optimized with the Yoast SEO plugin v27.4 - https://yoast.com/product/yoast-seo-wordpress/ -->
<title>SARRIANS_ASSEMBLEE GENERALE - ADJE</title>
<meta name="robots" content="index, follow, max-snippet:-1, max-image-preview:large, max-video-preview:-1" />
<link rel="canonical" href="https://adje.org/index.php/evenement/assemblee-generale-2/" />
<meta property="og:locale" content="fr_FR" />
<meta property="og:type" content="article" />
<meta property="og:title" content="SARRIANS_ASSEMBLEE GENERALE - ADJE" />
<meta property="og:description" content="Le Comité des Jumelages SARRIANS &#8211; BIEBERTAL vous invite à participer à son Assemblée Générale, le Vendredi 21 novembre 2025 à 19h15, Salle des Sociétés, Rez de chaussée de la Salle des Expositions, 54 Boulevard du Couvent à SARRIANS." />
<meta property="og:url" content="https://adje.org/index.php/evenement/assemblee-generale-2/" />
<meta property="og:site_name" content="ADJE" />
<meta property="article:modified_time" content="2025-12-08T23:47:38+00:00" />
<meta property="og:image" content="https://adje.org/wp-content/uploads/2025/11/CoJuSarrians_AG-.png" />
	<meta property="og:image:width" content="640" />
	<meta property="og:image:height" content="360" />
	<meta property="og:image:type" content="image/png" />
<meta name="twitter:card" content="summary_large_image" />
<meta name="twitter:label1" content="Durée de lecture estimée" />
	<meta name="twitter:data1" content="1 minute" />
<script type="application/ld+json" class="yoast-schema-graph">{"@context":"https:\/\/schema.org","@graph":[{"@type":"WebPage","@id":"https:\/\/adje.org\/index.php\/evenement\/assemblee-generale-2\/","url":"https:\/\/adje.org\/index.php\/evenement\/assemblee-generale-2\/","name":"SARRIANS_ASSEMBLEE GENERALE - ADJE","isPartOf":{"@id":"https:\/\/adje.org\/#website"},"primaryImageOfPage":{"@id":"https:\/\/adje.org\/index.php\/evenement\/assemblee-generale-2\/#primaryimage"},"image":{"@id":"https:\/\/adje.org\/index.php\/evenement\/assemblee-generale-2\/#primaryimage"},"thumbnailUrl":"https:\/\/adje.org\/wp-content\/uploads\/2025\/11\/CoJuSarrians_AG-.png","datePublished":"2025-11-18T16:55:28+00:00","dateModified":"2025-12-08T23:47:38+00:00","breadcrumb":{"@id":"https:\/\/adje.org\/index.php\/evenement\/assemblee-generale-2\/#breadcrumb"},"inLanguage":"fr-FR","potentialAction":[{"@type":"ReadAction","target":["https:\/\/adje.org\/index.php\/evenement\/assemblee-generale-2\/"]}]},{"@type":"ImageObject","inLanguage":"fr-FR","@id":"https:\/\/adje.org\/index.php\/evenement\/assemblee-generale-2\/#primaryimage","url":"https:\/\/adje.org\/wp-content\/uploads\/2025\/11\/CoJuSarrians_AG-.png","contentUrl":"https:\/\/adje.org\/wp-content\/uploads\/2025\/11\/CoJuSarrians_AG-.png","width":640,"height":360},{"@type":"BreadcrumbList","@id":"https:\/\/adje.org\/index.php\/evenement\/assemblee-generale-2\/#breadcrumb","itemListElement":[{"@type":"ListItem","position":1,"name":"Accueil","item":"https:\/\/adje.org\/"},{"@type":"ListItem","position":2,"name":"SARRIANS_ASSEMBLEE GENERALE"}]},{"@type":"WebSite","@id":"https:\/\/adje.org\/#website","url":"https:\/\/adje.org\/","name":"ADJE","description":"","potentialAction":[{"@type":"SearchAction","target":{"@type":"EntryPoint","urlTemplate":"https:\/\/adje.org\/?s={search_term_string}"},"query-input":{"@type":"PropertyValueSpecification","valueRequired":true,"valueName":"search_term_string"}}],"inLanguage":"fr-FR"}]}</script>
<!-- / Yoast SEO plugin. -->

Le Comité des Jumelages SARRIANS &#8211; BIEBERTAL vous invite à participer à son Assemblée Générale, le Vendredi 21 novembre 2025 à 19h15, Salle des Sociétés, Rez de chaussée de la Salle des Expositions, 54 Boulevard du Couvent à SARRIANS.
