{"id":985,"date":"2025-11-25T11:44:21","date_gmt":"2025-11-25T10:44:21","guid":{"rendered":"https:\/\/adje.org\/?post_type=event_listing&#038;p=985"},"modified":"2025-12-14T00:42:32","modified_gmt":"2025-12-13T23:42:32","slug":"sorgues_fete-de-la-saint-nicolas-et-son-apres-midi-festive","status":"expired","type":"event_listing","link":"https:\/\/adje.org\/index.php\/evenement\/sorgues_fete-de-la-saint-nicolas-et-son-apres-midi-festive\/","title":{"rendered":"SORGUES_F\u00caTE DE LA SAINT-NICOLAS et son apr\u00e8s-midi festive"},"content":{"rendered":"\n<p>En partenariat avec l&rsquo;association comtadine France Allemagne, nous vous invitons tous \u00e0 d\u00e9guster une choucroute exceptionnelle le 6 d\u00e9cembre prochain.<\/p>\n\n\n\n<p>Contact : <mark class=\"has-inline-color has-vivid-cyan-blue-color\">m<a href=\"mailto:acfa.comtat@gmail.com\">a<\/a>riedo.rampal@orange.fr<\/mark><\/p>\n","protected":false},"featured_media":984,"template":"","meta":{"_et_pb_use_builder":"","_et_pb_old_content":"","_et_gb_content_width":""},"event_listing_category":[41],"event_listing_type":[108],"class_list":["post-985","event_listing","type-event_listing","status-expired","has-post-thumbnail","hentry","event_listing_category-sorgues","event_listing_type-repas-animation"],"yoast_head":"<!-- This site is optimized with the Yoast SEO plugin v27.4 - https:\/\/yoast.com\/product\/yoast-seo-wordpress\/ -->\n<title>SORGUES_F\u00caTE DE LA SAINT-NICOLAS et son apr\u00e8s-midi festive - ADJE<\/title>\n<meta name=\"robots\" content=\"index, follow, max-snippet:-1, max-image-preview:large, max-video-preview:-1\" \/>\n<link rel=\"canonical\" href=\"https:\/\/adje.org\/index.php\/evenement\/sorgues_fete-de-la-saint-nicolas-et-son-apres-midi-festive\/\" \/>\n<meta property=\"og:locale\" content=\"fr_FR\" \/>\n<meta property=\"og:type\" content=\"article\" \/>\n<meta property=\"og:title\" content=\"SORGUES_F\u00caTE DE LA SAINT-NICOLAS et son apr\u00e8s-midi festive - ADJE\" \/>\n<meta property=\"og:description\" content=\"En partenariat avec l&rsquo;association comtadine France Allemagne, nous vous invitons tous \u00e0 d\u00e9guster une choucroute exceptionnelle le 6 d\u00e9cembre prochain. Contact : mariedo.rampal@orange.fr\" \/>\n<meta property=\"og:url\" content=\"https:\/\/adje.org\/index.php\/evenement\/sorgues_fete-de-la-saint-nicolas-et-son-apres-midi-festive\/\" \/>\n<meta property=\"og:site_name\" content=\"ADJE\" \/>\n<meta property=\"article:modified_time\" content=\"2025-12-13T23:42:32+00:00\" \/>\n<meta property=\"og:image\" content=\"https:\/\/adje.org\/wp-content\/uploads\/2025\/11\/ACFA_Fete-St-Nicolas-A.jpg\" \/>\n\t<meta property=\"og:image:width\" content=\"1510\" \/>\n\t<meta property=\"og:image:height\" content=\"2079\" \/>\n\t<meta property=\"og:image:type\" content=\"image\/jpeg\" \/>\n<meta name=\"twitter:card\" content=\"summary_large_image\" \/>\n<meta name=\"twitter:label1\" content=\"Dur\u00e9e de lecture estim\u00e9e\" \/>\n\t<meta name=\"twitter:data1\" content=\"1 minute\" \/>\n<script type=\"application\/ld+json\" class=\"yoast-schema-graph\">{\"@context\":\"https:\\\/\\\/schema.org\",\"@graph\":[{\"@type\":\"WebPage\",\"@id\":\"https:\\\/\\\/adje.org\\\/index.php\\\/evenement\\\/sorgues_fete-de-la-saint-nicolas-et-son-apres-midi-festive\\\/\",\"url\":\"https:\\\/\\\/adje.org\\\/index.php\\\/evenement\\\/sorgues_fete-de-la-saint-nicolas-et-son-apres-midi-festive\\\/\",\"name\":\"SORGUES_F\u00caTE DE LA SAINT-NICOLAS et son apr\u00e8s-midi festive - ADJE\",\"isPartOf\":{\"@id\":\"https:\\\/\\\/adje.org\\\/#website\"},\"primaryImageOfPage\":{\"@id\":\"https:\\\/\\\/adje.org\\\/index.php\\\/evenement\\\/sorgues_fete-de-la-saint-nicolas-et-son-apres-midi-festive\\\/#primaryimage\"},\"image\":{\"@id\":\"https:\\\/\\\/adje.org\\\/index.php\\\/evenement\\\/sorgues_fete-de-la-saint-nicolas-et-son-apres-midi-festive\\\/#primaryimage\"},\"thumbnailUrl\":\"https:\\\/\\\/adje.org\\\/wp-content\\\/uploads\\\/2025\\\/11\\\/ACFA_Fete-St-Nicolas-A.jpg\",\"datePublished\":\"2025-11-25T10:44:21+00:00\",\"dateModified\":\"2025-12-13T23:42:32+00:00\",\"breadcrumb\":{\"@id\":\"https:\\\/\\\/adje.org\\\/index.php\\\/evenement\\\/sorgues_fete-de-la-saint-nicolas-et-son-apres-midi-festive\\\/#breadcrumb\"},\"inLanguage\":\"fr-FR\",\"potentialAction\":[{\"@type\":\"ReadAction\",\"target\":[\"https:\\\/\\\/adje.org\\\/index.php\\\/evenement\\\/sorgues_fete-de-la-saint-nicolas-et-son-apres-midi-festive\\\/\"]}]},{\"@type\":\"ImageObject\",\"inLanguage\":\"fr-FR\",\"@id\":\"https:\\\/\\\/adje.org\\\/index.php\\\/evenement\\\/sorgues_fete-de-la-saint-nicolas-et-son-apres-midi-festive\\\/#primaryimage\",\"url\":\"https:\\\/\\\/adje.org\\\/wp-content\\\/uploads\\\/2025\\\/11\\\/ACFA_Fete-St-Nicolas-A.jpg\",\"contentUrl\":\"https:\\\/\\\/adje.org\\\/wp-content\\\/uploads\\\/2025\\\/11\\\/ACFA_Fete-St-Nicolas-A.jpg\",\"width\":1510,\"height\":2079},{\"@type\":\"BreadcrumbList\",\"@id\":\"https:\\\/\\\/adje.org\\\/index.php\\\/evenement\\\/sorgues_fete-de-la-saint-nicolas-et-son-apres-midi-festive\\\/#breadcrumb\",\"itemListElement\":[{\"@type\":\"ListItem\",\"position\":1,\"name\":\"Accueil\",\"item\":\"https:\\\/\\\/adje.org\\\/\"},{\"@type\":\"ListItem\",\"position\":2,\"name\":\"SORGUES_F\u00caTE DE LA SAINT-NICOLAS et son apr\u00e8s-midi festive\"}]},{\"@type\":\"WebSite\",\"@id\":\"https:\\\/\\\/adje.org\\\/#website\",\"url\":\"https:\\\/\\\/adje.org\\\/\",\"name\":\"ADJE\",\"description\":\"\",\"potentialAction\":[{\"@type\":\"SearchAction\",\"target\":{\"@type\":\"EntryPoint\",\"urlTemplate\":\"https:\\\/\\\/adje.org\\\/?s={search_term_string}\"},\"query-input\":{\"@type\":\"PropertyValueSpecification\",\"valueRequired\":true,\"valueName\":\"search_term_string\"}}],\"inLanguage\":\"fr-FR\"}]}<\/script>\n<!-- \/ Yoast SEO plugin. -->","yoast_head_json":{"title":"SORGUES_F\u00caTE DE LA SAINT-NICOLAS et son apr\u00e8s-midi festive - ADJE","robots":{"index":"index","follow":"follow","max-snippet":"max-snippet:-1","max-image-preview":"max-image-preview:large","max-video-preview":"max-video-preview:-1"},"canonical":"https:\/\/adje.org\/index.php\/evenement\/sorgues_fete-de-la-saint-nicolas-et-son-apres-midi-festive\/","og_locale":"fr_FR","og_type":"article","og_title":"SORGUES_F\u00caTE DE LA SAINT-NICOLAS et son apr\u00e8s-midi festive - ADJE","og_description":"En partenariat avec l&rsquo;association comtadine France Allemagne, nous vous invitons tous \u00e0 d\u00e9guster une choucroute exceptionnelle le 6 d\u00e9cembre prochain. Contact : mariedo.rampal@orange.fr","og_url":"https:\/\/adje.org\/index.php\/evenement\/sorgues_fete-de-la-saint-nicolas-et-son-apres-midi-festive\/","og_site_name":"ADJE","article_modified_time":"2025-12-13T23:42:32+00:00","og_image":[{"width":1510,"height":2079,"url":"https:\/\/adje.org\/wp-content\/uploads\/2025\/11\/ACFA_Fete-St-Nicolas-A.jpg","type":"image\/jpeg"}],"twitter_card":"summary_large_image","twitter_misc":{"Dur\u00e9e de lecture estim\u00e9e":"1 minute"},"schema":{"@context":"https:\/\/schema.org","@graph":[{"@type":"WebPage","@id":"https:\/\/adje.org\/index.php\/evenement\/sorgues_fete-de-la-saint-nicolas-et-son-apres-midi-festive\/","url":"https:\/\/adje.org\/index.php\/evenement\/sorgues_fete-de-la-saint-nicolas-et-son-apres-midi-festive\/","name":"SORGUES_F\u00caTE DE LA SAINT-NICOLAS et son apr\u00e8s-midi festive - ADJE","isPartOf":{"@id":"https:\/\/adje.org\/#website"},"primaryImageOfPage":{"@id":"https:\/\/adje.org\/index.php\/evenement\/sorgues_fete-de-la-saint-nicolas-et-son-apres-midi-festive\/#primaryimage"},"image":{"@id":"https:\/\/adje.org\/index.php\/evenement\/sorgues_fete-de-la-saint-nicolas-et-son-apres-midi-festive\/#primaryimage"},"thumbnailUrl":"https:\/\/adje.org\/wp-content\/uploads\/2025\/11\/ACFA_Fete-St-Nicolas-A.jpg","datePublished":"2025-11-25T10:44:21+00:00","dateModified":"2025-12-13T23:42:32+00:00","breadcrumb":{"@id":"https:\/\/adje.org\/index.php\/evenement\/sorgues_fete-de-la-saint-nicolas-et-son-apres-midi-festive\/#breadcrumb"},"inLanguage":"fr-FR","potentialAction":[{"@type":"ReadAction","target":["https:\/\/adje.org\/index.php\/evenement\/sorgues_fete-de-la-saint-nicolas-et-son-apres-midi-festive\/"]}]},{"@type":"ImageObject","inLanguage":"fr-FR","@id":"https:\/\/adje.org\/index.php\/evenement\/sorgues_fete-de-la-saint-nicolas-et-son-apres-midi-festive\/#primaryimage","url":"https:\/\/adje.org\/wp-content\/uploads\/2025\/11\/ACFA_Fete-St-Nicolas-A.jpg","contentUrl":"https:\/\/adje.org\/wp-content\/uploads\/2025\/11\/ACFA_Fete-St-Nicolas-A.jpg","width":1510,"height":2079},{"@type":"BreadcrumbList","@id":"https:\/\/adje.org\/index.php\/evenement\/sorgues_fete-de-la-saint-nicolas-et-son-apres-midi-festive\/#breadcrumb","itemListElement":[{"@type":"ListItem","position":1,"name":"Accueil","item":"https:\/\/adje.org\/"},{"@type":"ListItem","position":2,"name":"SORGUES_F\u00caTE DE LA SAINT-NICOLAS et son apr\u00e8s-midi festive"}]},{"@type":"WebSite","@id":"https:\/\/adje.org\/#website","url":"https:\/\/adje.org\/","name":"ADJE","description":"","potentialAction":[{"@type":"SearchAction","target":{"@type":"EntryPoint","urlTemplate":"https:\/\/adje.org\/?s={search_term_string}"},"query-input":{"@type":"PropertyValueSpecification","valueRequired":true,"valueName":"search_term_string"}}],"inLanguage":"fr-FR"}]}},"_links":{"self":[{"href":"https:\/\/adje.org\/index.php\/wp-json\/wp\/v2\/event_listing\/985","targetHints":{"allow":["GET"]}}],"collection":[{"href":"https:\/\/adje.org\/index.php\/wp-json\/wp\/v2\/event_listing"}],"about":[{"href":"https:\/\/adje.org\/index.php\/wp-json\/wp\/v2\/types\/event_listing"}],"wp:featuredmedia":[{"embeddable":true,"href":"https:\/\/adje.org\/index.php\/wp-json\/wp\/v2\/media\/984"}],"wp:attachment":[{"href":"https:\/\/adje.org\/index.php\/wp-json\/wp\/v2\/media?parent=985"}],"wp:term":[{"taxonomy":"event_listing_category","embeddable":true,"href":"https:\/\/adje.org\/index.php\/wp-json\/wp\/v2\/event_listing_category?post=985"},{"taxonomy":"event_listing_type","embeddable":true,"href":"https:\/\/adje.org\/index.php\/wp-json\/wp\/v2\/event_listing_type?post=985"}],"curies":[{"name":"wp","href":"https:\/\/api.w.org\/{rel}","templated":true}]}}

SORGUES_FÊTE DE LA SAINT-NICOLAS et son après-midi festive

<p>En partenariat avec l&rsquo;association comtadine France Allemagne, nous vous invitons tous à déguster une choucroute exceptionnelle le 6 décembre prochain.</p>



<p>Contact : <mark class="has-inline-color has-vivid-cyan-blue-color">m<a href="mailto:acfa.comtat@gmail.com">a</a>riedo.rampal@orange.fr</mark></p>

<!-- This site is optimized with the Yoast SEO plugin v27.4 - https://yoast.com/product/yoast-seo-wordpress/ -->
<title>SORGUES_FÊTE DE LA SAINT-NICOLAS et son après-midi festive - ADJE</title>
<meta name="robots" content="index, follow, max-snippet:-1, max-image-preview:large, max-video-preview:-1" />
<link rel="canonical" href="https://adje.org/index.php/evenement/sorgues_fete-de-la-saint-nicolas-et-son-apres-midi-festive/" />
<meta property="og:locale" content="fr_FR" />
<meta property="og:type" content="article" />
<meta property="og:title" content="SORGUES_FÊTE DE LA SAINT-NICOLAS et son après-midi festive - ADJE" />
<meta property="og:description" content="En partenariat avec l&rsquo;association comtadine France Allemagne, nous vous invitons tous à déguster une choucroute exceptionnelle le 6 décembre prochain. Contact : mariedo.rampal@orange.fr" />
<meta property="og:url" content="https://adje.org/index.php/evenement/sorgues_fete-de-la-saint-nicolas-et-son-apres-midi-festive/" />
<meta property="og:site_name" content="ADJE" />
<meta property="article:modified_time" content="2025-12-13T23:42:32+00:00" />
<meta property="og:image" content="https://adje.org/wp-content/uploads/2025/11/ACFA_Fete-St-Nicolas-A.jpg" />
	<meta property="og:image:width" content="1510" />
	<meta property="og:image:height" content="2079" />
	<meta property="og:image:type" content="image/jpeg" />
<meta name="twitter:card" content="summary_large_image" />
<meta name="twitter:label1" content="Durée de lecture estimée" />
	<meta name="twitter:data1" content="1 minute" />
<script type="application/ld+json" class="yoast-schema-graph">{"@context":"https:\/\/schema.org","@graph":[{"@type":"WebPage","@id":"https:\/\/adje.org\/index.php\/evenement\/sorgues_fete-de-la-saint-nicolas-et-son-apres-midi-festive\/","url":"https:\/\/adje.org\/index.php\/evenement\/sorgues_fete-de-la-saint-nicolas-et-son-apres-midi-festive\/","name":"SORGUES_FÊTE DE LA SAINT-NICOLAS et son après-midi festive - ADJE","isPartOf":{"@id":"https:\/\/adje.org\/#website"},"primaryImageOfPage":{"@id":"https:\/\/adje.org\/index.php\/evenement\/sorgues_fete-de-la-saint-nicolas-et-son-apres-midi-festive\/#primaryimage"},"image":{"@id":"https:\/\/adje.org\/index.php\/evenement\/sorgues_fete-de-la-saint-nicolas-et-son-apres-midi-festive\/#primaryimage"},"thumbnailUrl":"https:\/\/adje.org\/wp-content\/uploads\/2025\/11\/ACFA_Fete-St-Nicolas-A.jpg","datePublished":"2025-11-25T10:44:21+00:00","dateModified":"2025-12-13T23:42:32+00:00","breadcrumb":{"@id":"https:\/\/adje.org\/index.php\/evenement\/sorgues_fete-de-la-saint-nicolas-et-son-apres-midi-festive\/#breadcrumb"},"inLanguage":"fr-FR","potentialAction":[{"@type":"ReadAction","target":["https:\/\/adje.org\/index.php\/evenement\/sorgues_fete-de-la-saint-nicolas-et-son-apres-midi-festive\/"]}]},{"@type":"ImageObject","inLanguage":"fr-FR","@id":"https:\/\/adje.org\/index.php\/evenement\/sorgues_fete-de-la-saint-nicolas-et-son-apres-midi-festive\/#primaryimage","url":"https:\/\/adje.org\/wp-content\/uploads\/2025\/11\/ACFA_Fete-St-Nicolas-A.jpg","contentUrl":"https:\/\/adje.org\/wp-content\/uploads\/2025\/11\/ACFA_Fete-St-Nicolas-A.jpg","width":1510,"height":2079},{"@type":"BreadcrumbList","@id":"https:\/\/adje.org\/index.php\/evenement\/sorgues_fete-de-la-saint-nicolas-et-son-apres-midi-festive\/#breadcrumb","itemListElement":[{"@type":"ListItem","position":1,"name":"Accueil","item":"https:\/\/adje.org\/"},{"@type":"ListItem","position":2,"name":"SORGUES_FÊTE DE LA SAINT-NICOLAS et son après-midi festive"}]},{"@type":"WebSite","@id":"https:\/\/adje.org\/#website","url":"https:\/\/adje.org\/","name":"ADJE","description":"","potentialAction":[{"@type":"SearchAction","target":{"@type":"EntryPoint","urlTemplate":"https:\/\/adje.org\/?s={search_term_string}"},"query-input":{"@type":"PropertyValueSpecification","valueRequired":true,"valueName":"search_term_string"}}],"inLanguage":"fr-FR"}]}</script>
<!-- / Yoast SEO plugin. -->

SORGUES_FÊTE DE LA SAINT-NICOLAS et son après-midi festive - ADJE

En partenariat avec l&rsquo;association comtadine France Allemagne, nous vous invitons tous à déguster une choucroute exceptionnelle le 6 décembre prochain. Contact : mariedo.rampal@orange.fr
